 the highest common divisor of 1883685 and 32453.
1411
What is the highest common divisor of 4924278 and 9510?
1902
Calculate the highest common divisor of 21165 and 2723313.
249
What is the highest common factor of 2921092 and 1104?
92
What is the greatest common divisor of 2172 and 17532?
12
What is the greatest common factor of 871 and 3394573?
13
What is the highest common divisor of 544 and 3055036?
68
Calculate the highest common divisor of 240278 and 259148.
1258
What is the greatest common divisor of 44392 and 21691041?
5549
What is the highest common factor of 865088 and 66304?
448
What is the highest common factor of 14220 and 2418190?
790
Calculate the greatest common divisor of 13561 and 934715.
71
Calculate the greatest common divisor of 1815980 and 145.
145
Calculate the highest common factor of 38116584 and 453492.
11628
What is the highest common divisor of 481806 and 3509406?
522
Calculate the greatest common divisor of 608398 and 672.
14
What is the highest common divisor of 749201061 and 21?
21
What is the highest common factor of 65750 and 8018870?
2630
Calculate the greatest common divisor of 32 and 52051800.
8
What is the highest common divisor of 627019 and 133?
19
What is the highest common factor of 367900221 and 13?
13
Calculate the greatest common divisor of 37024 and 93008.
16
Calculate the greatest common divisor of 1315420 and 67640.
1780
What is the greatest common factor of 121024 and 8787904?
3904
What is the highest common factor of 12460 and 1674316?
28
What is the greatest common divisor of 172909 and 83732?
121
Calculate the greatest common factor of 10675 and 173606.
61
What is the greatest common factor of 168 and 8860296?
24
What is the highest common factor of 1330 and 53690980?
70
Calculate the highest common divisor of 29519245 and 14605.
635
Calculate the highest common divisor of 14256 and 33748308.
396
Calculate the highest common factor of 12268392 and 696.
696
What is the greatest common factor of 2292 and 57396?
12
Calculate the highest common factor of 228908 and 8.
4
What is the greatest common divisor of 12598563 and 30048?
939
Calculate the highest common factor of 140058189 and 3051.
1017
What is the greatest common factor of 453114 and 811296?
162
Calculate the highest common divisor of 22498832 and 64.
16
Calculate the greatest common divisor of 118 and 27298946.
118
Calculate the highest common factor of 61570 and 104145.
655
Calculate the highest common factor of 15209 and 268.
67
Calculate the highest common factor of 4844960 and 1000.
40
Calculate the highest common factor of 543448 and 680.
8
What is the highest common divisor of 887270 and 1201010?
830
What is the greatest common divisor of 1104 and 7418742?
138
What is the greatest common factor of 10448 and 38264?
8
What is the greatest common divisor of 329 and 748308526?
329
Calculate the greatest common divisor of 186320072 and 2624.
328
What is the greatest common factor of 11549734 and 28?
14
Calculate the greatest common divisor of 3030 and 1356.
6
Calculate the highest common divisor of 6091989 and 11343.
57
What is the greatest common factor of 94607986 and 22?
22
What is the highest common divisor of 928750 and 1000078?
1486
Calculate the greatest common divisor of 1013310 and 34055.
695
Calculate the greatest common divisor of 30988 and 755912.
244
What is the highest common divisor of 33942738 and 774?
258
Calculate the highest common divisor of 34500 and 121764300.
6900
What is the highest common divisor of 32252448 and 24?
24
What is the highest common divisor of 2 and 25512826?
2
What is the greatest common factor of 126 and 19713288?
42
Calculate the highest common divisor of 987 and 733824.
21
Calculate the highest common factor of 241832817 and 12771.
1161
What is the highest common divisor of 7839024 and 17409?
2487
Calculate the highest common divisor of 5120 and 2146220.
20
Calculate the greatest common divisor of 30 and 3004530.
30
What is the highest common factor of 164650 and 9322750?
4450
What is the greatest common divisor of 170084817 and 14316?
3579
Calculate the highest common factor of 147154 and 1483879.
457
What is the greatest common divisor of 630394570 and 130?
130
Calculate the highest common factor of 25316432 and 891952.
8336
Calculate the greatest common factor of 11686424 and 1752.
584
Calculate the highest common factor of 62235 and 93583.
461
What is the greatest common factor of 327965 and 72446?
979
Calculate the greatest common divisor of 60 and 1037080.
20
What is the greatest common factor of 12715104 and 156?
12
What is the highest common divisor of 3201 and 20978287?
1067
What is the greatest common factor of 21634145 and 13?
13
What is the greatest common factor of 9525 and 725373200?
3175
What is the highest common divisor of 353496686 and 2?
2
What is the highest common factor of 35417452 and 266?
14
What is the greatest common divisor of 7183436 and 949?
13
Calculate the highest common divisor of 1384210 and 5574.
1858
What is the greatest common divisor of 78351 and 3283?
49
What is the greatest common divisor of 65 and 191944805?
65
What is the highest common divisor of 38063 and 1989?
17
Calculate the highest common factor of 32004 and 501606.
126
Calculate the greatest common factor of 192 and 1568067.
3
What is the highest common divisor of 295 and 276715?
5
Calculate the highest common factor of 2766197 and 23079.
49
What is the highest common factor of 4501 and 116516101?
643
What is the greatest common divisor of 7097 and 56165809?
151
Calculate the greatest common factor of 28491217 and 170121.
8101
What is the greatest common divisor of 2365 and 532565?
55
What is the greatest common divisor of 28481 and 67411529?
1499
What is the greatest common factor of 66 and 2138478?
6
Calculate the highest common factor of 40 and 228032940.
20
What is the highest common factor of 88131 and 2549721?
3039
What is the highest common divisor of 1480 and 5394680?
40
Calculate the greatest common factor of 1034 and 166037464.
94
What is the highest common divisor of 32528768 and 114704?
1072
Calculate the highest common factor of 369634 and 218486.
58
Calculate the highest common factor of 157465 and 8589.
2863
Calculate the greatest common divisor of 1557 and 9346797.
9
What is the greatest common factor of 9698880 and 29880?
120
Calculate the greatest common divisor of 1841 and 4047736.
7
What is the highest common factor of 42 and 7761516?
42
Calculate the highest common divisor of 85911 and 70056.
21
Calculate the greatest common factor of 1808698 and 34.
34
What is the greatest common divisor of 16039 and 9632?
43
What is the highest common divisor of 42 and 43280398?
14
Calculate the highest common factor of 91706383 and 107.
107
What is the highest common divisor of 21054150 and 30975?
4425
What is the highest common factor of 321328 and 12692?
76
What is the greatest common divisor of 4476 and 641187?
1119
Calculate the highest common divisor of 3374 and 3766.
14
Calculate the highest common divisor of 32711302 and 2366.
338
Calculate the highest common divisor of 2087485 and 262.
131
What is the greatest common factor of 605845881 and 153?
153
Calculate the greatest common divisor of 31222 and 18894.
134
What is the greatest common factor of 4434246 and 9?
9
Calculate the greatest common factor of 3732 and 21798612.
3732
What is the highest common factor of 4453 and 799861219?
4453
Calculate the highest common factor of 833534 and 39.
13
What is the highest common factor of 41 and 1246297049?
41
What is the greatest common divisor of 49134312 and 144?
72
Calculate the greatest common factor of 35656389 and 1161.
27
Calculate the greatest common factor of 2 and 2577758.
2
What is the highest common factor of 443864 and 14887120?
3928
What is the greatest common factor of 40293 and 1172853?
1089
What is the greatest common factor of 2798021 and 3113?
283
Calculate the highest common factor of 1823902 and 6.
2
Calculate the greatest common factor of 153472 and 412544.
1408
What is the highest common divisor of 324 and 106425036?
108
Calculate the highest common divisor of 37119676 and 5500.
44
Calculate the highest common factor of 36 and 3793014.
18
Calculate the greatest c